n factor of f and 47.
47
Let d(p) = 7*p**2 + 4*p + 3. Let y be d(-5). Suppose m - 33 = 2*j - j, 0 = 5*m + 2*j - y. Let z = m + -18. Calculate the greatest common factor of z and 98.
14
Suppose 5*v = 3*p - 30 - 23, -4*p + 67 = -3*v. Let w = p + -11. Suppose -w*t - 45 + 145 = 0. Calculate the greatest common factor of t and 160.
20
Suppose -5*g - 306 - 329 = -4*z, -3 = g. Calculate the highest common divisor of z and 62.
31
Suppose 0 = -15*m + 9*m + 66. Suppose 5*d - 307 = -3*i, 4*i + d - 121 = 277. Calculate the highest common divisor of m and i.
11
Let w = -8 - -3. Let z be (w + 2)*(-290)/3. Suppose 5*y = -90 + z. Calculate the greatest common divisor of 8 and y.
8
Let r be 3/9 + 224/12. Let i = -4 + r. Calculate the greatest common divisor of i and 15.
15
Let a(g) = -32*g - 5. Let u be a(-3). Calculate the highest common factor of u and 13.
13
Suppose -124 = -5*m + 4*r, -m + 5*m + 3*r = 124. Suppose 2*h - h = 7. Calculate the greatest common factor of h and m.
7
Suppose 3*r + 5*o = -52, 4*o - 35 = 5*r + 2*o. Let d(l) = -l + 6. Let f be d(r). Calculate the highest common factor of f and 10.
5
Let s(u) = -15*u + 6. Suppose 2*d - 20 = -2*f + 7*f, 3*d + 8 = -2*f. Let c be s(f). Calculate the greatest common factor of 22 and c.
22
Let v(q) = 6*q**2 - q + 7. Let m be v(5). Suppose 2*l + l = 4*f - 73, -f + 17 = -2*l. Calculate the greatest common divisor of m and f.
19
Let x = -12 - -14. What is the greatest common divisor of 6 and x?
2
Let q(r) = -43*r + 1. Let l be q(-1). Suppose -5*w - 4*m = -338, -35 = -w + 3*m + l. Suppose 83 = c - w. What is the highest common factor of c and 17?
17
Let x be 277 - (-5 - (2 + -4)). Calculate the highest common divisor of 35 and x.
35
Suppose 3 = -2*r - 3*t + 11, -3*r = 2*t - 22. Suppose 0 = -9*y + 11 + 7. Calculate the greatest common divisor of r and y.
2
Let w(p) = -p**2 + 6*p - 7. Let z be w(4). Let q(t) = 29*t**3 - 1. Let d be q(z). Calculate the highest common divisor of d and 4.
4
Suppose -3*k + 24 = k. Let g = k + -4. Suppose g*u - 12 = -u. Calculate the highest common factor of 2 and u.
2
Let a be (-2)/4*50/(-5). Suppose -a*m - 6 = -726. What is the greatest common factor of m and 18?
18
Suppose 2*q - 6 = 0, -40 - 14 = -2*i - 2*q. Calculate the greatest common divisor of i and 216.
24
Suppose 4*n - 36 = 3*n. What is the highest common factor of 12 and n?
12
Suppose -3*r - 2*r = -360. Suppose -40 - r = -4*p. What is the greatest common divisor of p and 14?
14
Suppose -5 = -3*q + 5*h, 2*q - 3*h - 3 = -0*h. Suppose r + 10 - 39 = q. What is the highest common factor of r and 87?
29
Suppose -3*c + 2*l + 2 = 18, -3*c - l = 10. Let g(x) = x + 2. Let q be g(c). Let p = 79 + q. What is the highest common divisor of p and 11?
11
Let u be 2/(-7) - (-138)/42. Let q be 1 - 3/9*u. Suppose q = -3*j - j + 104. What is the highest common factor of 13 and j?
13
Suppose -3*b = 5 + 10, 2*b - 2 = -c. What is the highest common divisor of 8 and c?
4
Suppose -3*p - 53 = 5*g - 318, -35 = -g + 3*p. Let j = 17 - 13. Suppose 0 = -5*b + j + 46. Calculate the highest common factor of g and b.
10
Let d(u) = u**3 + 8*u**2 - 5*u + 8. Let n be d(-7). Let p be 1 - (-1 - 0)*n. Let m = p + -57. What is the highest common divisor of 4 and m?
4
Suppose 4*i - 16 = -3*w, 2*w + 4 = -w + i. Suppose -2*k + 2 = -w. What is the greatest common factor of k and 1?
1
Let l(u) be the third derivative of u**6/120 + 7*u**5/60 + u**4/12 - 3*u**2. Let y be l(-5). What is the highest common divisor of 5 and y?
5
Let k = 4 + -2. Suppose 0 = -k*z + 3 + 3. Calculate the highest common factor of 24 and z.
3
Let f(y) = 23*y**2 + 6*y + 5. Let i be f(-1). What is the highest common factor of 33 and i?
11
Suppose 0 = 11*a - 205 + 51. What is the greatest common divisor of a and 98?
14
Let g = 22 - 6. Suppose 9 = c + h, 3*c = -4*h + 14 + g. Calculate the highest common factor of 30 and c.
6
Suppose 52 + 108 = 5*y. Calculate the highest common divisor of y and 32.
32
Suppose 9 = -3*h - 12. Let l(p) = -3*p - 3. Let d be l(h). Calculate the highest common factor of 162 and d.
18
Let i = -22 + 59. Suppose -5*g + 118 = 2*n, 49 = 3*g + 5*n - i. Calculate the greatest common factor of 33 and g.
11
Suppose -3*a + 48 = -141. Let o(l) = -l**3 - 2*l**2 - 2*l - 1. Let c be o(-1). Suppose c*d - a = -3*d. What is the highest common factor of 21 and d?
21
Suppose f - 51 = -3*j, 4*j - 6*f = -4*f + 78. Suppose -4*l + 2*l = -j. Calculate the highest common factor of l and 36.
9
Let j(p) = -2*p + 11. Let x be j(10). Let f(k) = k + 19. Let v be f(x). Calculate the greatest common divisor of v and 20.
10
Let a be 45/4 + 4/(-16). Let t = a - 6. Let k(p) = 4*p**3 + p**2. Let o be k(1). Calculate the greatest common factor of t and o.
5
Let z(k) = 25*k**3 - k. Let s be z(1). Suppose 0 = -2*h + h + s. Calculate the highest common divisor of h and 60.
12
Let u be -207 - 0/(-5 + 4). Let f be u/(-9) + (-1)/(-1). What is the highest common factor of f and 60?
12
Let c = 0 - 14. Let i = c - -23. Let k be 3/i - (-8)/3. Calculate the greatest common divisor of 3 and k.
3
Let w = 6 - -14. Suppose 3*x - 31 = -4*a, -17 = 5*a + 5*x - 52. Calculate the greatest common divisor of a and w.
10
Suppose 0 = -8*l + 11*l - 144. Let c(p) = -1 + 13 + 0*p - p. Let r be c(0). What is the greatest common divisor of l and r?
12
Suppose -5*o - 12 - 18 = 0. Let t = 2 - o. Suppose 0 = -4*y + 7 - 3. What is the greatest common factor of t and y?
1
Suppose 0 = -3*c + 11*c - 96. What is the highest common factor of 4 and c?
4
Let a = 39 - 21. Let q(f) = 2*f**2 - 5*f - 7. Let u = -13 - -18. Let l be q(u). What is the greatest common divisor of l and a?
18
Suppose 5*v + 101 = 801. Let k be -51*(-11 + 12/(-4)). Suppose -3*z + v = c, 2*c - 7*c = z - k. Calculate the greatest common factor of 13 and c.
13
Let x = 111 + -110. What is the greatest common factor of 5 and x?
1
Suppose 12 = 2*s - 6. Calculate the highest common factor of 99 and s.
9
Suppose 0 = -d - 0*d + 62. Let n(v) = v + 4. Let j be n(1). Suppose 2*b + 4*i - d = b, -2*b = -j*i - 59. What is the greatest common factor of 14 and b?
14
Suppose -5*z = 4*r - 283, 68 = -3*z - 2*r + 239. Let h = -91 - -54. Let k = z + h. Calculate the highest common divisor of k and 33.
11
Suppose j + 64 = 3*j. Let s(g) = 6*g**2 + 23*g + 4. Let x be s(-4). Calculate the highest common divisor of j and x.
8
Let o = -13 + 16. Suppose 189 = o*y - w + 68, 190 = 5*y - 4*w. What is the highest common factor of 6 and y?
6
Let c = 34 + -15. What is the highest common factor of c and 76?
19
Suppose 2*k - 23 = 5*i, -6*k - i = -3*k + 8. Let w be (-3 + k)*6/8. Let s(q) = -11*q + 2. Let z be s(w). What is the greatest common divisor of 14 and z?
7
Let f = -14 + 23. What is the highest common factor of 81 and f?
9
Let x be 1/4 - 1/4. Suppose 4*i - 43 = -t, x = -i - 5*t + 7 + 18. Let s = 12 + i. What is the greatest common factor of 55 and s?
11
Let q be 1/3 + (-10)/30. Suppose 4*v - 3*t - 72 = 0, 3*v - 6*t + 4*t - 54 = q. Calculate the highest common divisor of v and 126.
18
Suppose z - 16 + 1 = 0. Let c be 325/z + 2/(-3). What is the greatest common factor of c and 3?
3
Suppose 81 = 2*p - p - 2*a, 4*p + 5*a - 298 = 0. What is the greatest common factor of p and 11?
11
Suppose 0*w - w = -5*a + 19, -3*w - 2 = -4*a. What is the highest common divisor of w and 6?
6
Let m(u) = u**3 + 6*u**2 + 7. Let z be m(-6). Suppose 5*p = z + 13. What is the greatest common divisor of 12 and p?
4
Let z be -45*(-2 + (-14)/(-10)). Suppose 4*s - z + 7 = 0. What is the greatest common factor of 55 and s?
5
Let x = -9 - -13. Suppose x*p + 2*u - 10 = 148, 0 = -4*p - 3*u + 157. What is the highest common divisor of 8 and p?
8
Suppose 96 = q + 20. Suppose 12 = 4*w + 5*z, w + 2 - 5 = -4*z. Suppose 6 = 2*c - 5*j - 17, -w*j - 48 = -3*c. What is the highest common divisor of c and q?
19
Suppose 3*z + 0*z - 36 = 0. What is the highest common divisor of z and 12?
12
Suppose 0 = 3*z - 3*g + 104 - 731, 3*g = z - 209. Suppose -q = -b - 18, q + 80 = 5*q + 4*b. What is the highest common factor of q and z?
19
Let c = -34 + 48. Calculate the greatest common factor of 70 and c.
14
Let f(x) = -x**3 + 8*x**2 + 9*x - 1. Let g be f(9). Let q be 7 + g - (0 + 3). Let y = 3 + 0. Calculate the highest common divisor of q and y.
3
Suppose 